Let l(u) = 1. Let g(j) = 5*j - 1. Let y(o) = -g(o) + 2*l(o). Let h(v) = d*y(v) - 4*x(v). What is h(6)?
1
Let h(p) be the first derivative of -5/2*p**2 - 4*p - 1/3*p**3 + 11. Let s = 1 + -6. Give h(s).
-4
Let c be 6*(195/(-450) - 6/(-10)). Let j(y) = -13*y + y**2 - 1 + 13*y - 5*y**3. Give j(c).
-5
Suppose p - 3*p - 22 = -2*a, p - 9 = -a. Let t be (-72)/a - (-5)/25. Let n(d) be the third derivative of d**5/60 + 3*d**4/8 + 3*d**3/2 + 3*d**2. Calculate n(t).
-5
Suppose 0*c + 9 = -3*c. Let o(g) = -g + 1. Let i(q) = -q. Let w(p) = c*o(p) + 2*i(p). Give w(-5).
-8
Let s(m) = -m + 30. Let n be s(25). Let h(y) be the second derivative of -y**4/12 + y**3/2 + 3*y**2 + 2*y. Determine h(n).
-4
Let t(b) be the first derivative of 2*b**3/3 + 3*b**2 + 2*b + 1. Let x(i) = 0*i - 18 - 3*i**3 + 2*i**2 + 17 + 2*i**2 - 4*i. Let d be x(1). Determine t(d).
10
Let a(c) = c - 3. Suppose -13*q = -693 - 399. Let v = -76 + q. Determine a(v).
5
Let l(v) = 9*v**2 - 5*v + 3. Let u be (12/9 + -2)/(144/(-216)). Calculate l(u).
7
Let t = 6 + -2. Let q(b) = b + 0*b + 0*b - t + 0*b. Calculate q(3).
-1
Let n be (1/(2/4))/(-2). Let j(p) = -4*p**2 - p - 1. Let q be j(n). Let t = -2 + q. Let v(g) = g**2 + 4*g + 3. Determine v(t).
15
Let p(w) = -w**2 - 8*w + 1. Let y(v) = -v**2 - 22*v + 42. Let i be y(-24). Determine p(i).
13
Suppose 5*u + 45 = -5*o, 0 = -6*o + o + u - 21. Let v = o - -10. Suppose 3 = -v*w - 2. Let s(j) = 6*j**3. Give s(w).
-6
Suppose -7*k + 0*k + 7 = 0. Let p(s) = -198*s + k + 194*s - 5. Determine p(-3).
8
Let f(n) = 0 - 5*n + 35*n**3 + 25*n**2 - 36*n**3 - 18*n**2 - 4. Calculate f(5).
21
Let p(l) be the first derivative of -l**2 + 11*l - 20. Let q be p(9). Let m(k) = -k**3 - 8*k**2 - 7*k + 5. Calculate m(q).
5
Let k be -3 + (-1)/(1/(-7)). Let c(l) = k*l**2 + 3*l**3 + 4 - 45*l + 2*l**3 - 4*l**3 + 49*l. Suppose 5*o + 13 = v, -8 + 3 = o + v. Give c(o).
1
Let j(b) = b**3 + 4*b**2 + b - 8. Let a(s) = -s - 1. Let l(k) = a(k) - j(k). Let i be l(-3). Let c(h) = h**2 - 4*h - 2. Give c(i).
-2
Suppose f - 16 = -2*f + 2*g, f = 2*g + 12. Let x(k) = k. Let v(m) = 42*m. Let c(p) = v(p) - 36*x(p). Give c(f).
12
Suppose 73*w = 62*w. Let y(h) = -h**3 + h**2 + h - 8. Determine y(w).
-8
Let t(d) be the first derivative of -15*d**2/2 + 3*d + 185. Calculate t(2).
-27
Let f(j) = 1. Let m = -18 - -17. Let u(x) = 2*x - 6. Let c(w) = m*u(w) + 2*f(w). Determine c(7).
-6
Let t be 1/((-10)/(-2) - 6). Let r(p) = -p**2 - 8*p + 1. Let a(b) = 3 - 2 + b**2 - 4*b + 5*b. Let k(o) = t*r(o) - 2*a(o). Give k(6).
-3
Let u(a) = -a**3 + 7*a**2 + 7*a - 8. Let k be ((192/(-30))/(-8))/((-1)/(-10)). Give u(k).
-16
Let o(s) = -2*s - 2. Suppose -12 = -0*w - w - g, -1 = 2*w - 3*g. Suppose -w*m + 2*m + u + 17 = 0, 4*u - 28 = -4*m. Give o(m).
-10
Suppose -7*z + 28 + 28 = 0. Let u(c) = -2*c**3 + 18*c**2 - 17*c + 5. What is u(z)?
-3
Let r be 4/(-10)*(11/(-2) - -3). Let t(z) = z**2 - z + 1. Let w(m) = 5*m**2 - 14*m + 2. Let n(j) = r*w(j) - 6*t(j). Give n(-8).
-4
Let y(t) = -t**3 - 5*t**2 - 5*t - 3. Let v be 8/5*(0 + (-30)/(-4)). Suppose 5*k - 28 = v*k. Give y(k).
1
Let s(f) = -10*f - 6. Let i(x) = 9*x + 6. Let j(y) = 5*i(y) + 4*s(y). Suppose -11 = -2*g - 49. Let k = g + 15. Give j(k).
-14
Suppose 0 = 9*u - 2*u - 7. Let k(x) = -x - 1 + 1 - 3 - u. Give k(-6).
2
Suppose -7*g = g - 456. Let u = g + -59. Let c(m) = -m. Let z(q) = 2*q + 2. Let h(l) = 3*c(l) - z(l). Calculate h(u).
8
Let q(b) = -2*b**2 + 11*b - 3. Let c(p) = -p**2 + 6*p - 2. Let s(u) = 7*c(u) - 4*q(u). Suppose 2*y - 4*d = -12, d = -y - y - 2. Give s(y).
6
Let v(c) = -c**3 + 3*c**2 + 4*c - 2. Let n = -347 - -351. Determine v(n).
-2
Let n(t) = -2*t**2 + 51*t + 73. Let l be n(27). Let h(z) = -9*z - 7. What is h(l)?
65
Let n(z) be the second derivative of -24*z + 0 + 1/2*z**3 + 1/4*z**4 + 0*z**2 - 1/20*z**5. Suppose -w - x = 0, 4*w - 3*w + 3 = -2*x. What is n(w)?
9
Let d(l) = l - 3 - 6*l + l. Let h = -5434 + 5428. Determine d(h).
21
Let v(i) = -13*i - 46. Let n(m) = 24*m + 87. Let t(d) = 6*n(d) + 11*v(d). Determine t(-17).
-1
Let u(a) be the third derivative of -a**6/120 - 2*a**5/15 - a**4/4 - 5*a**3/6 - 53*a**2 - 2. Calculate u(-7).
-12
Let c(y) = -y**2 - 2*y + 5. Suppose -4*q - n + 4 = 0, -5*q - n + 0*n + 4 = 0. Give c(q).
5
Let j(x) = -5*x - 1. Let l(h) = -h + 1. Suppose -2*u - 14 = -4*t, -3*t + u - 4 = -15. Let a(m) = t*l(m) - j(m). Determine a(-5).
0
Let g(q) = 283*q**2 + 6*q - 282*q**2 - 6*q - 2. Let k(i) = i**3 + 4*i**2 + 4*i. Let h be k(-3). Let f be (h/2)/((-1)/(-2)). Give g(f).
7
Let l(p) = -p + 1. Let x be (-5 + -7 - -5) + 3. Give l(x).
5
Let l(j) = 3 + 9 - j - 9 + 8. Calculate l(7).
4
Let o(n) = -3 + 60*n**2 - 4*n - 23*n**2 - 27*n**2 - 19*n**2. Give o(-2).
-31
Let d = 39 - 42. Let p(g) = -4*g**2 - 3*g. Determine p(d).
-27
Let p be -2 + 4 + (-4 - -6). Let b(m) be the first derivative of -3*m**2/2 + 2*m - 2. Calculate b(p).
-10
Let i(c) = 1. Let f(a) = a - 1. Suppose -s - 6 = -3*g, 2*g - 4*g = 4*s - 18. Let l(m) = s*i(m) + f(m). Calculate l(-2).
0
Let p(r) = -2*r**2 - r + 37 - 69 + 27. Let i(b) = -2*b**2 - 6. Let y(w) = -3*i(w) + 4*p(w). What is y(-3)?
-8
Let c be 4/8*(2 - -34). Let f(l) = -3*l**2 + 7*l**2 - 5*l + 19*l**3 - c*l**3 + 7. What is f(-5)?
7
Let w(d) = d. Suppose -y - 2 + 1 = 0, t + 1 = -5*y. Calculate w(t).
4
Let h(f) be the third derivative of 0*f - 1/60*f**5 - 4*f**2 + 1/6*f**3 + 0*f**4 + 0. Let w be h(-2). Let r(n) = -n**2 - 3*n - 2. What is r(w)?
-2
Let w(f) be the second derivative of f**4/12 + 5*f**3/6 + f**2 - 239*f. Calculate w(-3).
-4
Let k(s) = -s**3 - 3*s**2 - s. Let f be 4/10*(0 - (-2 + 7)). Give k(f).
-2
Let h = -1664 - -1660. Let j(o) = -12*o - 5. Calculate j(h).
43
Let i(a) be the first derivative of 4*a**2 + 36*a - 111. Determine i(-4).
4
Let p(i) = 1 - 2 - i - 5. Suppose 5*x = -25, 19*w = 17*w - 3*x - 25. Calculate p(w).
-1
Let w = 0 + 3. Let c be ((-4)/(-12))/(2/(-18)). Let q = w - c. Let t(h) = -2*h + 8. What is t(q)?
-4
Let v(d) = -d**2 + 6*d + 23. Let y(h) = -h**2 + 6*h + 26. Let g(c) = -6*v(c) + 5*y(c). Calculate g(6).
-8
Suppose -6*y = -19 + 1. Let n(i) = 1 + 4*i + 5*i**2 - 3*i + y*i - i + i**3. What is n(-4)?
5
Suppose -36 = -10*l + 94. Suppose -19 = k + 5*d, -2*k - l = 4*d + 1. Let z(g) = -12*g - 1. Calculate z(k).
-13
Let h(n) = n**2 - 10*n - 24. Let a be h(12). Suppose 4*d - 2*l + 28 = a, 2*l - 7*l = -10. Let q(v) = 2*v. Determine q(d).
-12
Suppose -v - 3 = 3. Let f be (-20)/v + 8/12. Let a(d) = 3*d**2 + f*d**2 + 4 - 6*d - 10 + 0 - d**3. Determine a(6).
-6
Let l(s) be the second derivative of s**3/3 + 27*s**2/2 - 2*s + 3. Determine l(-12).
3
Let l(h) = h + 3 - 2 - 6*h. Suppose 8*k + 36 = 12. Let c be (1 + (0 - -2))/(k/(-4)). What is l(c)?
-19
Suppose 6*w = w + 20. Let k(j) be the second derivative of j**5/20 - j**4/3 + j**3/3 - 2*j**2 - 1789*j. Calculate k(w).
4
Let t be 872/10 - 5/25. Let z = 92 - t. Let k(a) = a - 9. Determine k(z).
-4
Let t(i) = -i**3 + 8*i**2 + 8*i + 13. Let k(p) = 10*p**2 + 50*p + 9. Let m be k(-5). Give t(m).
4
Let m(l) = 7*l**3 - 4*l**2 + l - 7. Let f(z) = -3*z**3 + 2. Let c(t) = -2*f(t) - m(t). Calculate c(3).
9
Let l be (0 - (-1)/(-1))*(-1150)/50. Let q = 69 + -44. Suppose 0 = 3*p + 2*p + q, -b - l = 5*p. Let r(a) = -a**3 + 2*a**2 - a. Calculate r(b).
-2
Let q(a) = -5*a - 42. Let u be q(-8). Let w(v) = v**3 - v**2 - 2*v + 2. Determine w(u).
-6
Let l be 5/1*(-9)/15. Let k(i) = 4*i + 4. Let o be k(l). Let f = 6 + o. Let d(q) = -q**2 + q + 1. Determine d(f).
-5
Let o = -6 + 21. Suppose -3*p - o - 3 = 0. Let m be (-1)/(-1)*p/2. Let g(a) = 3*a + 4. Calculate g(m).
-5
Suppose -5*m + 3 = 4*k - 3, -10 = -4*k - 3*m. Let j = -25 + 30. Let q(r) = -j*r**2 + 6 + k*r - r - 7 + 4*r**2. What is q(3)?
-1
Suppose -13 + 3 = 2*l. Let d(p) = p**3 + 4*p**2 - 5*p - 2. Give d(l).
-2
Let t(s) = -s**2 - 7*s - 4. Suppose 27 + 28 = -5*p. Let u = p + 5. Give t(u).
2
Let v(j) = j**3 + 3*j**2 + 4*j + 6. Let i be v(0). Let h(l) = -l**3 + 6*l**2. Calculate h(i).
0
Let q(f) be the second derivative of -7*f**5/20 + f**4/12 - f**3/6 - 3*f. Let y be 0/(-2 + (-3 - -3)). Suppose -n - 2*h + 1 = -y, 4*n - 2*h = 4. What is q(n)?
-7
Let f(b) = -b - 6. Let y be f(-7). Suppose -2*c - y = -3*c. Let o(h) = 0*h**2 + 5*h - 1 - 4*h + 2*h - h**2. Calculate o(c).
1
Let i(k) = 2*k + 3. Let o be (-14)/(-3) - (-4)/(-6). Suppose -o*x + x = -